nder when 30 is divided by y?
14
Suppose 5*t - 10 = k - 0*k, -2*k + 3*t - 6 = 0. Suppose 0 = d - k*d - 13. What is the remainder when (-100)/(-2)*2/2 is divided by d?
11
Let v(o) = 2*o - 6. Let a be v(4). Suppose 3*z = -y + 14, 0 = -a*y - 2*y - z + 1. What is the remainder when (-1)/((-2)/(77 + y)) is divided by 13?
12
Suppose 0*u + 5*b = -u + 34, 5*b = 4*u - 11. Let n be 2 + (0 - -2 - 9). Let p(s) = s**3 + 6*s**2 + 1. Calculate the remainder when p(n) is divided by u.
8
Let x = -28 + 79. What is the remainder when x is divided by 27?
24
Suppose -20*z - 12 = -22*z. Calculate the remainder when 9 is divided by z.
3
Let m(g) = -3*g**3 + 4*g + 3. Let c be 1 - (-36)/(2 + -1). Calculate the remainder when 0*(-1)/2 + c is divided by m(-2).
18
Let x be (-10 - -7) + 0/(-1). Let v = 1 + x. What is the remainder when v/9 + 634/18 is divided by 12?
11
Let s = -27 - -33. Let j(u) = 15*u - 19. What is the remainder when j(s) is divided by 1 - -17 - (0 + 0)?
17
Suppose 5*j - 55 - 5 = 0. Let z(k) = k**3 - 4*k**2 + 3*k - 5. Calculate the remainder when j is divided by z(4).
5
Let q(a) = -a**3 - 10*a**2 + 9*a + 5. Calculate the remainder when q(-11) is divided by 15.
12
Let q(f) = 12*f**3 + 1. Let u be q(-1). Let i = 78 + u. What is the remainder when i is divided by 17?
16
Suppose -3*i - 3 + 6 = -f, 0 = -5*i + 15. Let n = f + -5. What is the remainder when 70/(-21)*(-9)/n is divided by 16?
14
Suppose -3*s + 172 = 2*p, 12 = 3*s + 6. Calculate the remainder when p is divided by 17.
15
Let t(m) = -m**3 - 7*m**2 - 9*m - 7. Suppose -3*i - 4 = -10. Suppose 3 + 5 = i*p. Calculate the remainder when t(-6) is divided by p.
3
Let d(v) = 2*v**2 + 5*v + 2. Let i be d(-3). Suppose 46 = i*k + g, 4*k - 17 - 15 = -2*g. What is the remainder when k is divided by 3*(2/(-3) + 2)?
2
Suppose 2*m - m + 9 = 4*i, -4*m = -5*i + 3. What is the remainder when 160/i - 2/6 is divided by 18?
17
Let v(x) = -6*x - 4. Let j be v(-5). Let b = 35 - j. What is the remainder when 33 is divided by b?
6
Suppose 0*v = -v - 3. Let w(q) = -14*q - 4. Suppose -5*b + 70 = 3*l, 3 - 7 = -2*b. Calculate the remainder when w(v) is divided by l.
18
Suppose 19 = 2*g - 0*d + d, 3*g + d = 28. Let b = g - -2. Calculate the remainder when ((-8)/2 - -2)*-10 is divided by b.
9
Let q(s) = -s + 7. Let x be q(7). Suppose 0 = -3*p - x + 18. Let d = 13 - -4. What is the remainder when d is divided by p?
5
Suppose a + 4*f + 0*f - 28 = 0, 3*f - 89 = -5*a. What is the remainder when 94 is divided by a?
14
Let h = 116 + -57. What is the remainder when h is divided by 15?
14
Let y be 2*1/(-2) + -3. Let l(c) = 2 - 5*c**3 + 3*c**3 - 5*c**2 + c + 3. Calculate the remainder when l(y) is divided by 17.
15
Suppose 4*n + 2*i = -18, -3*i - 4 = -1. Let b(f) = -f**2 - 7*f + 4. Calculate the remainder when n/(-14) + 225/21 is divided by b(-7).
3
Let r be -2 + 2 + -2 - -12. Let a = r - 7. Suppose a*w - 8 = w. Calculate the remainder when 6 is divided by w.
2
Let h(a) = -6*a**3 + 6*a**2 - 6. Calculate the remainder when h(-2) is divided by 35.
31
Let h(v) = -4*v - 1. Calculate the remainder when 80 is divided by h(-7).
26
Let x(g) = g + 12. Let k be x(-11). Calculate the remainder when 44 is divided by (-4)/2 - -17*k.
14
Let d = 26 + -23. Let u(c) = 1 + 0*c**2 - c**2 - 2 + 4*c. Calculate the remainder when d is divided by u(3).
1
Let r be (5 + -9)/(2/(-4)). Let i(j) = j**2 - 7*j + 2. Calculate the remainder when 28 is divided by i(r).
8
Suppose 3*k = -7*q + 4*q + 30, 5*k = -2*q + 53. Let m(r) = 32*r. Let y be 1/((-3)/(3 + -6)). Calculate the remainder when m(y) is divided by k.
10
Suppose -3*f + 0 = -9. Calculate the remainder when 11 is divided by (-1)/((0 + -1)/f).
2
Suppose 2*b + 9 = 37. Let c = b + -4. Calculate the remainder when c is divided by 6.
4
Let z be 80/12*9/(-2). Let q be -2*(2 + 8)*1. Let m = q - z. Calculate the remainder when m is divided by 6.
4
Let p = -6 + 1. Let t(o) = -o**2 - 8*o - 5. Calculate the remainder when (-2)/2*-30 + -1 is divided by t(p).
9
Suppose 0*y + y = 3. Let z = -51 - -80. Calculate the remainder when z is divided by 16 + (2 - y)/1.
14
Let o(l) = 6*l**3 + l. Calculate the remainder when o(2) is divided by 26.
24
Let c = 15 - 0. Calculate the remainder when (-4)/2 + (34 - 4) is divided by c.
13
Let a(n) = n**3 - 8*n**2 + 10*n. Let u be (-74)/(-10) - 21/(-35). Calculate the remainder when a(u) is divided by 21.
17
Let b(m) = 2*m - 5. Let t = 0 - -8. What is the remainder when 43 is divided by b(t)?
10
What is the remainder when 10 is divided by (12/4)/(3/4)?
2
Let b = 154 - 151. What is the remainder when 3 is divided by b?
0
Let r be 5/(5/2) + -12. Let a = 17 + r. What is the remainder when a is divided by (-10)/(-75) + 86/30?
1
Suppose -3*j = -60 + 21. Let z be -3 - (-1 + -4) - 23. Let d = 16 - z. What is the remainder when d is divided by j?
11
Let b(x) = -10*x - 2. What is the remainder when 53 is divided by b(-3)?
25
Suppose 20*b - 6*b = 168. Calculate the remainder when 35 is divided by b.
11
Suppose 0 = 2*j + 1 + 5. Let r = j - -3. Let a = 6 - r. Calculate the remainder when a is divided by 4.
2
Suppose 2*t - 33 = -3*z, -3*t = -2*z - 2*z + 44. Let u = -27 + 21. What is the remainder when z is divided by (-15)/(-6) - u/4?
3
Suppose 1 = 3*r + 7. Let l(i) = 3*i**2 - i - 1. Calculate the remainder when 36 is divided by l(r).
10
Let i(l) = -19*l. Let o(c) = -38*c + 1. Let p(u) = -5*i(u) + 3*o(u). Calculate the remainder when p(-2) is divided by 14.
13
Let k(w) = w**2 + 20*w + 9. What is the remainder when k(-20) is divided by 2?
1
Let j(x) = x**3 - 10*x**2 - 7*x + 2. Let i(g) = g**2 + g - 1. Let o(a) = 6*i(a) + j(a). Calculate the remainder when 46 is divided by o(5).
14
Let l = -20 - -55. Let q(z) = -3*z - 1. What is the remainder when (-5)/l - 58/(-14) is divided by q(-1)?
0
Let z be (6/9)/(3/9). Suppose 4*j = 2*j - 5*a + 37, a + 7 = z*j. Calculate the remainder when 17 is divided by j.
5
Let d(q) be the third derivative of -7/24*q**4 + 7/6*q**3 + 0*q - 1/120*q**6 - 2/15*q**5 - q**2 + 0. Calculate the remainder when d(-7) is divided by 3.
1
Suppose 0*x + 17 = x + 4*a, 0 = -5*a - 15. Calculate the remainder when 113 is divided by x.
26
Let p be 37*(-2)/(1 + -3). Calculate the remainder when p/5 + 30/50 is divided by 2.
0
Suppose -5*m + 0*m - 5 = 0. Let g be (1 + m)/(6 + -7). Suppose 4*x - 68 = -4*a, 0 = -g*a - 2*a + 4*x + 22. Calculate the remainder when 44 is divided by a.
14
Let c(l) = l + 32. Calculate the remainder when 72 is divided by c(-17).
12
Suppose 2*y + 2*u = 18 + 8, 0 = -u. What is the remainder when 41 is divided by y?
2
Calculate the remainder when (6/10)/((-4)/(-120)) is divided by 7.
4
Suppose -3*z = -z - 5*b, -5*z + 5*b + 15 = 0. Calculate the remainder when z is divided by 4.
1
Suppose -19*l + 45 = -14*l. Suppose -m = 0, -5*m + 2*m + 50 = 2*s. What is the remainder when s is divided by l?
7
Suppose -5*t = -5*h - 15, -h - 2*t - 6 = -18. Suppose 2*p + 3*n - 2*n = 8, -h*p = -n - 8. Calculate the remainder when ((-3)/6)/(2/(-24)) is divided by p.
2
Let v = 30 + -17. Suppose -4*a - 5*t + 123 = 0, -22 = -a - 4*t + t. Calculate the remainder when a is divided by v.
11
Suppose 0 = -3*u - x + 7 - 20, 4*u + x = -18. Let j = -3 - u. What is the remainder when ((-32)/j + 0)/(-1) is divided by 9?
7
Calculate the remainder when 134 is divided by ((-2)/(-1))/2*17.
15
Let i(g) = g - 2. Let t be i(5). Suppose -64 - 107 = -t*h. What is the remainder when h is divided by 20?
17
Suppose 2*j + 4*t - 33 = 3*t, -4*j + 41 = -3*t. Let p be (-1 - -3)*4*-1. Let v = j + p. Calculate the remainder when 23 is divided by v.
5
Let g = 948 - 885. Suppose -s = -4*s + 33. What is the remainder when g is divided by s?
8
Suppose -3*d + 4 = -d. Suppose d*c - 16 = -0*c. Suppose -3*p + c*p - 25 = 0. What is the remainder when 13 is divided by p?
3
Calculate the remainder when 7 is divided by (4 - 19/4)*-4.
1
Let l(u) be the second derivative of -4*u**2 - 11/6*u**3 + 0 - 1/12*u**4 + 4*u. What is the remainder when l(-10) is divided by 1?
0
Suppose p = 1 + 5. Let a = p + -2. Suppose a*f - 78 = 2. What is the remainder when f is divided by 11?
9
Suppose -118 = -23*n + 1998. What is the remainder when n is divided by 24?
20
Let r be (-14)/(2 + 10/(-4)). Let k = r - -3. What is the remainder when k is divided by 11?
9